 + 5*x, x = 3*x + 8. What is n(o)?
-5
Let a(w) = -w**2 - w. Let v(g) = -g**3 - 2*g**2 - 3*g - 4. Let b(n) = 4*a(n) + v(n). Calculate b(-4).
-8
Suppose -2 = 7*h - 16. Let w(l) = l**3 - l**2 - 5*l + 1. Let v be w(h). Let g(d) = d**2 + 4*d. Determine g(v).
5
Let c(o) = o - 7. Let z be c(7). Let p(q) = q + 2. Determine p(z).
2
Let s(u) be the first derivative of u**3 - u**2 + 40. Calculate s(2).
8
Let x be 25/(-15) - (-3)/(-9). Let s(d) = d**2 - 6*d + 2*d + 0 + 8. Let b(k) = k**2 - 5*k + 9. Let h(j) = -6*b(j) + 7*s(j). Give h(x).
2
Suppose 3*k = 0, 5*k - 19 + 7 = -2*a. Let u be 13/a + (-2)/12. Let t(j) = j + 1 - 2*j - u*j + 0*j. What is t(1)?
-2
Suppose -13*h = -3*h - 50. Let x(w) = -2*w + 2. Let d be x(4). Let n(g) = 7*g. Let l(s) = -6*s. Let p(i) = d*l(i) - 5*n(i). What is p(h)?
5
Suppose -5*v - h = -13 - 7, 2*h = -4*v + 22. Let o(x) = -x - v - 4*x - x**2 + 0. Determine o(-4).
1
Let n(k) = -k. Let l be n(2). Let w(c) = 1 + 7*c + 3*c - 4*c. Give w(l).
-11
Let s(r) be the first derivative of r**4/4 - 2*r**3 - 4*r**2 + r - 4. Determine s(7).
-6
Let a be (-2)/4*(1 + -5). Let r(j) = -5*j - 2*j - j**3 + 3*j**a + 5*j + 1. Suppose n + 9 = 4*n. Determine r(n).
-5
Let z(k) be the second derivative of 0 - 1/2*k**3 - 1/2*k**2 - 1/12*k**4 + k. Calculate z(-2).
1
Let y = 6 + -5. Let a(v) = -3*v**2 + 1. Let f(o) = 4*o**2 + o - 2. Let z(j) = 3*j + 3. Let i be z(-2). Let c(q) = i*a(q) - 2*f(q). Determine c(y).
0
Let f be (-6)/33 - (-62)/(-22). Let g(l) = l + 2. Give g(f).
-1
Let g(x) = -4 - 2*x**3 + 0 - 5*x**2 - 2*x**3 + 3*x**3 - x. Let h be ((-1)/2)/(1/10). What is g(h)?
1
Let a(x) be the third derivative of x**4/24 - x**3/6 - 2*x**2. Give a(-6).
-7
Suppose 2*v = -3 + 9. Suppose -4 = -v*c + 5*w, 2*c + 2*w = -w + 9. Let l(o) = o**2 + 2. Calculate l(c).
11
Let j(y) = y**3 - 2*y**2 + 5*y + 8. Let x(w) be the second derivative of w**5/20 + w**4/12 + w**2/2 + 2*w. Let s(d) = j(d) - 2*x(d). Calculate s(-5).
6
Let p(w) = -w**2 - w + 8. Let a(n) = 0*n**2 + 4 + 3*n - 5*n + n**2 + 8*n. Let t be a(-5). Let g = t + 1. What is p(g)?
8
Let j(h) = h + 1. Let f(c) = -5*c - 7. Let o(i) = f(i) + 6*j(i). Give o(-1).
-2
Let i = -4 - 1. Let q(k) = -4*k**3 - 6*k**2 + 3. Let t(p) = 7*p**3 + 11*p**2 - p - 6. Let d(m) = i*q(m) - 3*t(m). Calculate d(-3).
-6
Suppose 2*r = 7*r - 15. Let x(z) = -z**2 - 2*z + 3. Calculate x(r).
-12
Let b(t) be the third derivative of -t**5/60 + t**4/8 + 2*t**3/3 + t**2. Suppose 3*a - 5*a - 10 = 0. Let n = 9 + a. Calculate b(n).
0
Let a(s) = s**3 - 8*s**2 + 7*s - 2. Let k be a(7). Let q(d) = -8 - 10 + 16 - 8*d. What is q(k)?
14
Let t(s) = -s**3 - 2*s**2 + s + 2. Suppose 9*m - 8 = 5*m. Determine t(m).
-12
Let g(w) = -3*w + 2*w**2 - 3*w**2 - 3*w. Give g(-5).
5
Let y(g) = -g**3 + 5*g**2 - 3*g - 2. Suppose 17 = 5*i - 3*k, 3*i + k - 3*k - 10 = 0. Give y(i).
2
Let q(i) = -i**3 + 3*i**2 - i + 2. Let z(p) = -2*p**3 - p. Suppose -2*o - 2*o - 4 = 0. Let t be z(o). Determine q(t).
-1
Let y = 9 + -9. Let s(d) = -3*d + 17. Let g(k) = 4*k - 25. Let h(p) = 5*g(p) + 7*s(p). Calculate h(y).
-6
Suppose -2*x = -0*x + 22. Let g(j) = j + 3. Give g(x).
-8
Let y be 0 + 2 - 2 - -5. Let d be (y - 0)*6/10. Let o(i) = 5*i**2 + 8*i - 2. Let l(p) = -4*p**2 - 7*p + 2. Let v(r) = 6*l(r) + 5*o(r). Give v(d).
5
Let m(o) = -o - 6. Let f(i) = 2*i + 18. Let t(y) = 3*f(y) + 8*m(y). What is t(5)?
-4
Suppose 4*d + 4 = -2*s, -d - 2*s = -6 + 13. Let l(f) be the third derivative of 0*f + 0 + f**2 + 7/60*f**5 - 1/12*f**4 + 1/6*f**3. Determine l(d).
6
Let d(n) = -5*n**3 + 4*n - 3*n + 4*n**3 + n**2. Determine d(0).
0
Let k(t) = t - 7. Let u be k(3). Let j = u + 1. Let l = 5 + j. Let q(r) = r**3 - r**2 - 2. Give q(l).
2
Let k(g) = g**3 + 3*g**2 - 2*g - 1. Let n be k(-3). Let q(o) = -4 - 3 - 2 + 7 + o**2 - 5*o. Let t be q(n). Let d(f) = 2*f. What is d(t)?
-4
Suppose -12*y = -3*y - 90. Let h(m) = -m**3 + 11*m**2 - 9*m - 8. Calculate h(y).
2
Let c(v) = v**3 - 5*v**2 - 3*v - 12. Let u be c(6). Let i = u - 5. Let x(d) = -2 + d + 0 + 3. Give x(i).
2
Let j(s) = s**3 - 4*s**2 + 2*s + 3. Let f(d) be the first derivative of -d**2/2 - d - 1. Let k be f(-7). Suppose 2*c - k = -0. Calculate j(c).
0
Let o(u) be the second derivative of u**5/20 - u**4/2 + u**3/6 - 3*u**2 - 35*u. Determine o(6).
0
Suppose 0 = -2*w + j + j + 8, -w + 4 = -5*j. Let z be 4*(2 - 9/6). Let t(d) = -z + 0 - w*d + 3*d. Determine t(-4).
2
Let d(z) = -z**3 - 7*z**2 - 6*z - 5. Let g = 4 - 10. Let v be d(g). Let n(a) = a. Determine n(v).
-5
Let c(r) = -r - 7. Suppose i + 2*p + 12 = 4, 3*i = -2*p - 8. Suppose i = -4*t + 38 - 2. Suppose y - z + t = -0*z, 4*y + 5*z = -9. What is c(y)?
-1
Let s be (8/(-640))/((-3)/2). Let d(z) be the third derivative of -2*z**2 - 1/4*z**4 + 7/60*z**5 + 0 + 0*z - s*z**6 + 0*z**3. Calculate d(6).
0
Let r(k) = k - 3 - 4 + 5. Let y(n) = -n**3 - 10*n**2 + 2. Let m be y(-10). Calculate r(m).
0
Let q(y) = 7 - 2 + 4*y - 3*y - y**3 + 3*y**2. Determine q(4).
-7
Let x(k) = -5*k**2 - 33*k + 28. Let f(m) = -m**2 - 8*m + 7. Let y(l) = 9*f(l) - 2*x(l). Determine y(5).
2
Let o(u) be the third derivative of 1/10*u**5 + 0*u + 1/120*u**6 - 7/24*u**4 + 0 - 1/2*u**3 - 4*u**2. Give o(-7).
-3
Let r(t) = -t**2 + 5*t - 3. Let m(q) = 4*q - 7. Let k(s) = -2*s + 4. Let y(h) = -5*k(h) - 3*m(h). Let i be y(-2). Give r(i).
-3
Let q(l) = l**3 - l**2 - 4*l - 3. Let u(j) = 2*j**3 - 2*j**2 - 9*j - 6. Let m(i) = 7*q(i) - 3*u(i). Determine m(0).
-3
Let w(l) = 1. Let g(b) = b + 11. Let c(o) = -g(o) + 6*w(o). Give c(-6).
1
Let s(b) be the third derivative of 0*b**4 + 0 - 1/60*b**6 + 0*b**5 - 1/6*b**3 + 0*b + 2*b**2. Let f be s(-1). Let r(p) = -3*p**3 - p**2 + p - 1. Give r(f).
-4
Let f(x) = 0*x + x - 3*x - 3. What is f(3)?
-9
Let h(p) = p**3 - 3*p**2 - 2*p - 3. Let y be 2/((-3)/9*-2). Suppose 13 = y*k + 1. Give h(k).
5
Let w(a) = a**3 - 4*a**2 - 1. Suppose -8 = -2*f, -2*f + 11 + 1 = q. Give w(q).
-1
Let p(q) be the second derivative of -q**5/20 - q**4/12 + q**3/6 + 5*q**2/2 + 5*q. Give p(0).
5
Let d(c) be the second derivative of 3/2*c**2 + 0 + 1/12*c**4 + 1/6*c**3 - c. Calculate d(0).
3
Let w be 5/(0 + (-2)/6). Let v = -10 - w. Let q(u) = u**2 - u + 1. Let c(b) = -3*b**2 + 5*b + 4. Let o(x) = -c(x) - 2*q(x). Determine o(v).
4
Let g = -8 + 5. Let m(f) be the third derivative of f**6/120 + f**5/30 - f**4/8 + f**3/6 + 7*f**2. Give m(g).
1
Let j(k) = -k**3 + 2*k**2 + 4*k + 5. Let i = 58 + -54. What is j(i)?
-11
Let x(l) = 17*l - 26*l + 11 + 2 + 10*l. Determine x(0).
13
Let i(o) = -o**3 + 2 - 8*o**2 + 4*o**2 + 0*o + o - 2*o. What is i(-4)?
6
Let a = 9 + -5. Let i(s) = -s**3 + 4*s**2 - 1. Determine i(a).
-1
Let g(x) = 3 - 3 - 5 - 7*x + 6*x. Suppose 4*p - o + 20 = -p, 0 = 3*o - 15. What is g(p)?
-2
Suppose -4*b = -4*n + 20, 3*b - 14 = 4*b - 4*n. Let u(q) be the third derivative of -q**6/120 - q**5/15 - q**3/3 - 5*q**2. Give u(b).
-10
Let p be ((-5)/2)/(1/(-2)). Let f be (6/3 - 2)/(-2). Let h(w) = 5*w - w**3 + 4*w**2 - 55 + f*w**2 + 50. Determine h(p).
-5
Let r(b) = -14*b**3 - b**2 - 10*b + 7. Let x(o) be the third derivative of o**6/24 + o**4/8 - o**3/3 - o**2. Let d(i) = 2*r(i) + 7*x(i). Give d(1).
6
Suppose 0 = 4*r + 19 - 3. Let h = r - -6. Let p(l) = -4*l + 2*l + l + 10*l**2 - 4*l**h. Give p(-1).
7
Let i be (-12)/(-9)*6/2. Let o(l) = -724 + 720 + 4*l - 5*l. What is o(i)?
-8
Let t(q) = -q**3 + 2*q + 3. Let l = -120 + 123. What is t(l)?
-18
Let x(q) be the first derivative of -q**2/2 - 5*q - 14. Calculate x(-6).
1
Suppose -13 = z - 0*z + 3*m, 7 = z - m. Let d(v) = -2*v**3 + v**2 - 4*v + 1. Let p(n) = -n**2 - n - 1. Let k(u) = z*p(u) - d(u). Give k(2).
5
Let y = -9 - -4. Let s = y - -7. Let i(p) = -p + s + p + 2*p. Calculate i(2).
6
Suppose -a + 4*m = -5, -5*a - m + 0*m + 25 = 0. Let f(d) = 3*d**3 - 7*d - 1 - 4*d**2 - d**3 - d**3. Determine f(a).
-11
Let w(y) = 3*y - 3. Let j be w(2). Suppose 4*d + j = 15. Let x(u) be the second derivative of u**3/6 - 3*u**2/2 + u. Give x(d).
0
Let i = 8 - 6. Let n(r) = -5*r + r - 3*r + 0*r**i + r**2. Calculate n(6).
-6
Let g(v) = -v. Let y(s) = s**3 + 3*s**2 - 4*s - 4. Let m = -20 - -16. Let r be y(m). What is g(r)?
4
Let o(s) = 9*s**3 + 2*s + 1. Suppose 4*x - 12 + 8 = 0. Let g be -4 - (-3 + -1 + x). Give o(g).
-10
Let t(r) = 5 + 6*r + 2*r + 3*r - 10*r. Suppose 0 = -3*q - 5*f + 11, 20 = -6*q + 2*q + 2*f. Determine t(q).
2
L